{"id":10331,"date":"2016-10-29T22:37:58","date_gmt":"2016-10-29T21:37:58","guid":{"rendered":"http:\/\/www.photo.lumn.eu\/wordpress\/wp-content\/uploads\/2016\/10\/DSC08385p.jpg"},"modified":"2016-10-29T22:42:36","modified_gmt":"2016-10-29T21:42:36","slug":"dsc08385p","status":"inherit","type":"attachment","link":"http:\/\/www.photo.lumn.eu\/wordpress\/2016\/10\/29\/ma-beaute\/dsc08385p\/","title":{"rendered":"Ma belle"},"author":1,"featured_media":0,"comment_status":"open","ping_status":"closed","template":"","meta":[],"class_list":["post-10331","attachment","type-attachment","status-inherit","hentry"],"description":{"rendered":"<p class=\"attachment\"><a href='http:\/\/www.photo.lumn.eu\/wordpress\/wp-content\/uploads\/2016\/10\/DSC08385p.jpg'><img loading=\"lazy\" decoding=\"async\" width=\"300\" height=\"250\" src=\"http:\/\/www.photo.lumn.eu\/wordpress\/wp-content\/uploads\/2016\/10\/DSC08385p-300x250.jpg\" class=\"attachment-medium size-medium\" alt=\"\" srcset=\"http:\/\/www.photo.lumn.eu\/wordpress\/wp-content\/uploads\/2016\/10\/DSC08385p-300x250.jpg 300w, http:\/\/www.photo.lumn.eu\/wordpress\/wp-content\/uploads\/2016\/10\/DSC08385p-1024x855.jpg 1024w, http:\/\/www.photo.lumn.eu\/wordpress\/wp-content\/uploads\/2016\/10\/DSC08385p.jpg 1533w\" sizes=\"auto, (max-width: 300px) 100vw, 300px\" \/><\/a><\/p>\n<p>29 Octobre 2016. Strasbourg, MA ville. Avec Zadar, la beaut\u00e9 des beaut\u00e9s, elle m&rsquo;est si ch\u00e8re. Je m&rsquo;y rends d\u00e8s que je peux et je suis toujours \u00e9blouis par son gr\u00e8s rose et ses ruelles.<\/p>\n"},"caption":{"rendered":"<p>29 Octobre 2016<\/p>\n"},"alt_text":"","media_type":"image","mime_type":"image\/jpeg","media_details":{"width":1533,"height":1280,"file":"2016\/10\/DSC08385p.jpg","sizes":{"thumbnail":{"file":"DSC08385p-150x150.jpg","width":150,"height":150,"mime_type":"image\/jpeg","source_url":"http:\/\/www.photo.lumn.eu\/wordpress\/wp-content\/uploads\/2016\/10\/DSC08385p-150x150.jpg"},"medium":{"file":"DSC08385p-300x250.jpg","width":300,"height":250,"mime_type":"image\/jpeg","source_url":"http:\/\/www.photo.lumn.eu\/wordpress\/wp-content\/uploads\/2016\/10\/DSC08385p-300x250.jpg"},"large":{"file":"DSC08385p-1024x855.jpg","width":1024,"height":855,"mime_type":"image\/jpeg","source_url":"http:\/\/www.photo.lumn.eu\/wordpress\/wp-content\/uploads\/2016\/10\/DSC08385p-1024x855.jpg"},"full":{"file":"DSC08385p.jpg","width":1533,"height":1280,"mime_type":"image\/jpeg","source_url":"http:\/\/www.photo.lumn.eu\/wordpress\/wp-content\/uploads\/2016\/10\/DSC08385p.jpg"}},"image_meta":{"aperture":"5","credit":"","camera":"ILCA-77M2","caption":"","created_timestamp":"1477317046","copyright":"","focal_length":"18","iso":"64","shutter_speed":"0.0015625","title":"","orientation":"1","keywords":[]}},"post":10330,"source_url":"http:\/\/www.photo.lumn.eu\/wordpress\/wp-content\/uploads\/2016\/10\/DSC08385p.jpg","_links":{"self":[{"href":"http:\/\/www.photo.lumn.eu\/wordpress\/wp-json\/wp\/v2\/media\/10331","targetHints":{"allow":["GET"]}}],"collection":[{"href":"http:\/\/www.photo.lumn.eu\/wordpress\/wp-json\/wp\/v2\/media"}],"about":[{"href":"http:\/\/www.photo.lumn.eu\/wordpress\/wp-json\/wp\/v2\/types\/attachment"}],"author":[{"embeddable":true,"href":"http:\/\/www.photo.lumn.eu\/wordpress\/wp-json\/wp\/v2\/users\/1"}],"replies":[{"embeddable":true,"href":"http:\/\/www.photo.lumn.eu\/wordpress\/wp-json\/wp\/v2\/comments?post=10331"}]}}

<p class="attachment"><a href='http://www.photo.lumn.eu/wordpress/wp-content/uploads/2016/10/DSC08385p.jpg'><img loading="lazy" decoding="async" width="300" height="250" src="http://www.photo.lumn.eu/wordpress/wp-content/uploads/2016/10/DSC08385p-300x250.jpg" class="attachment-medium size-medium" alt="" srcset="http://www.photo.lumn.eu/wordpress/wp-content/uploads/2016/10/DSC08385p-300x250.jpg 300w, http://www.photo.lumn.eu/wordpress/wp-content/uploads/2016/10/DSC08385p-1024x855.jpg 1024w, http://www.photo.lumn.eu/wordpress/wp-content/uploads/2016/10/DSC08385p.jpg 1533w" sizes="auto, (max-width: 300px) 100vw, 300px" /></a></p>
<p>29 Octobre 2016. Strasbourg, MA ville. Avec Zadar, la beauté des beautés, elle m&rsquo;est si chère. Je m&rsquo;y rends dès que je peux et je suis toujours éblouis par son grès rose et ses ruelles.</p>
