{"id":10631,"date":"2017-08-07T09:46:50","date_gmt":"2017-08-07T08:46:50","guid":{"rendered":"http:\/\/www.photo.lumn.eu\/wordpress\/wp-content\/uploads\/2017\/08\/DSC07249p.jpg"},"modified":"2017-08-07T09:47:18","modified_gmt":"2017-08-07T08:47:18","slug":"dsc07249p","status":"inherit","type":"attachment","link":"http:\/\/www.photo.lumn.eu\/wordpress\/2017\/08\/07\/plougrescant\/dsc07249p\/","title":{"rendered":"Plougrescant"},"author":1,"featured_media":0,"comment_status":"open","ping_status":"closed","template":"","meta":[],"class_list":["post-10631","attachment","type-attachment","status-inherit","hentry"],"description":{"rendered":"<p class=\"attachment\"><a href='http:\/\/www.photo.lumn.eu\/wordpress\/wp-content\/uploads\/2017\/08\/DSC07249p.jpg'><img loading=\"lazy\" decoding=\"async\" width=\"300\" height=\"169\" src=\"http:\/\/www.photo.lumn.eu\/wordpress\/wp-content\/uploads\/2017\/08\/DSC07249p-300x169.jpg\" class=\"attachment-medium size-medium\" alt=\"\" srcset=\"http:\/\/www.photo.lumn.eu\/wordpress\/wp-content\/uploads\/2017\/08\/DSC07249p-300x169.jpg 300w, http:\/\/www.photo.lumn.eu\/wordpress\/wp-content\/uploads\/2017\/08\/DSC07249p-1024x576.jpg 1024w, http:\/\/www.photo.lumn.eu\/wordpress\/wp-content\/uploads\/2017\/08\/DSC07249p.jpg 1920w\" sizes=\"auto, (max-width: 300px) 100vw, 300px\" \/><\/a><\/p>\n<p>Souvenirs de quelques jours merveilleux pass\u00e9s \u00e0 Plougrescant. Le paysage, jamais le m\u00eame, les amis, toujours dans le coeur. Au sein d&rsquo;un \u00e9t\u00e9 tr\u00e8s compliqu\u00e9&#8230;.merci.<\/p>\n"},"caption":{"rendered":"<p>7 ao\u00fbt 2017<\/p>\n"},"alt_text":"","media_type":"image","mime_type":"image\/jpeg","media_details":{"width":1920,"height":1080,"file":"2017\/08\/DSC07249p.jpg","sizes":{"thumbnail":{"file":"DSC07249p-150x150.jpg","width":150,"height":150,"mime_type":"image\/jpeg","source_url":"http:\/\/www.photo.lumn.eu\/wordpress\/wp-content\/uploads\/2017\/08\/DSC07249p-150x150.jpg"},"medium":{"file":"DSC07249p-300x169.jpg","width":300,"height":169,"mime_type":"image\/jpeg","source_url":"http:\/\/www.photo.lumn.eu\/wordpress\/wp-content\/uploads\/2017\/08\/DSC07249p-300x169.jpg"},"large":{"file":"DSC07249p-1024x576.jpg","width":1024,"height":576,"mime_type":"image\/jpeg","source_url":"http:\/\/www.photo.lumn.eu\/wordpress\/wp-content\/uploads\/2017\/08\/DSC07249p-1024x576.jpg"},"full":{"file":"DSC07249p.jpg","width":1920,"height":1080,"mime_type":"image\/jpeg","source_url":"http:\/\/www.photo.lumn.eu\/wordpress\/wp-content\/uploads\/2017\/08\/DSC07249p.jpg"}},"image_meta":{"aperture":"6.3","credit":"","camera":"ILCA-99M2","caption":"","created_timestamp":"1501355575","copyright":"","focal_length":"70","iso":"100","shutter_speed":"0.0025","title":"","orientation":"1","keywords":[]}},"post":10630,"source_url":"http:\/\/www.photo.lumn.eu\/wordpress\/wp-content\/uploads\/2017\/08\/DSC07249p.jpg","_links":{"self":[{"href":"http:\/\/www.photo.lumn.eu\/wordpress\/wp-json\/wp\/v2\/media\/10631","targetHints":{"allow":["GET"]}}],"collection":[{"href":"http:\/\/www.photo.lumn.eu\/wordpress\/wp-json\/wp\/v2\/media"}],"about":[{"href":"http:\/\/www.photo.lumn.eu\/wordpress\/wp-json\/wp\/v2\/types\/attachment"}],"author":[{"embeddable":true,"href":"http:\/\/www.photo.lumn.eu\/wordpress\/wp-json\/wp\/v2\/users\/1"}],"replies":[{"embeddable":true,"href":"http:\/\/www.photo.lumn.eu\/wordpress\/wp-json\/wp\/v2\/comments?post=10631"}]}}

<p class="attachment"><a href='http://www.photo.lumn.eu/wordpress/wp-content/uploads/2017/08/DSC07249p.jpg'><img loading="lazy" decoding="async" width="300" height="169" src="http://www.photo.lumn.eu/wordpress/wp-content/uploads/2017/08/DSC07249p-300x169.jpg" class="attachment-medium size-medium" alt="" srcset="http://www.photo.lumn.eu/wordpress/wp-content/uploads/2017/08/DSC07249p-300x169.jpg 300w, http://www.photo.lumn.eu/wordpress/wp-content/uploads/2017/08/DSC07249p-1024x576.jpg 1024w, http://www.photo.lumn.eu/wordpress/wp-content/uploads/2017/08/DSC07249p.jpg 1920w" sizes="auto, (max-width: 300px) 100vw, 300px" /></a></p>
<p>Souvenirs de quelques jours merveilleux passés à Plougrescant. Le paysage, jamais le même, les amis, toujours dans le coeur. Au sein d&rsquo;un été très compliqué&#8230;.merci.</p>

<p>7 août 2017</p>
